44 and f.
44
Let q = 171 - 159. Suppose -5 + 9 = -i. Let a(b) = -25*b + 8. Let l be a(i). Calculate the highest common divisor of q and l.
12
Suppose -87 = -n - 0*l + l, 0 = 4*n - l - 345. Suppose n = 3*k - 49. Let t be (-16)/(-6)*k/2. Calculate the highest common divisor of t and 24.
12
Suppose 4*m = 3*m + 5. Let u(t) = -t**2 + 30*t - 189. Let p be u(16). What is the highest common factor of m and p?
5
Let x be 6*(-12 - (11 - 465/10)). What is the highest common divisor of x and 11139?
141
Let y be 12/(-6) - (1 + -3). Suppose y = 3*n - 4*u + 1 - 26, n - 4 = -3*u. Calculate the greatest common factor of 77 and n.
7
Suppose -45*p - 203 - 22 = 0. Let k(i) = i**2 + 5*i + 18. Let j be k(p). Suppose 8 = 2*r + 2*r. What is the greatest common divisor of r and j?
2
Let i = -6136 + 6179. What is the greatest common divisor of i and 559?
43
Suppose 0 = 162*i - 159*i + 5*k - 184, 0 = 5*i + 5*k - 310. What is the greatest common divisor of 413 and i?
7
Suppose -2*x - 5*t + 24467 = 0, -3*t = 32*x - 29*x - 36678. Calculate the greatest common factor of x and 101.
101
Let b be (-12*(-48)/27)/(1/3). Suppose 5*w + 14 = b. Let x be w/(-6) + (-555)/(-9). Calculate the highest common factor of x and 150.
30
Let q = 70 + 26. Suppose 0 = -2*w - 29 + 77. Calculate the highest common divisor of q and w.
24
Let b = 7035 + -223. Calculate the highest common divisor of b and 260.
52
Suppose 167*j - 513 - 3738 = 58*j. What is the greatest common factor of j and 21?
3
Suppose 3*v - 18 = 117. Suppose 0 = -10*r + 12*r - 108. Let l be (r/36)/(1/20). Calculate the greatest common divisor of l and v.
15
Suppose -3*y + 2*k + 46 = -68, -y - 2*k + 30 = 0. What is the highest common divisor of 2748 and y?
12
Let x = 488 - 314. Suppose -5*r + 1083*j - 1084*j = -568, -3*j = 36. What is the highest common divisor of r and x?
58
Suppose 4*u + 3*c + 1822 - 2882 = 0, 2*u - 532 = -2*c. What is the highest common divisor of u and 15982?
262
Let g(c) = c**2 - 8*c + 9. Let o be g(7). Let k = o - -317. What is the greatest common factor of 29 and k?
29
Suppose 0 = 16*x + 38*x - 470448. What is the highest common divisor of 48 and x?
24
Let d(v) = 221*v - 4716. Let j be d(22). Calculate the highest common factor of j and 22849.
73
Let p = -51127 - -51168. Let o = -872 + 1282. What is the highest common factor of p and o?
41
Let g = -43 - -95. Let p be 189/6*624/84. Calculate the highest common divisor of g and p.
26
Suppose -12 = -4*x + v, -2*x + 16*v = 14*v. Calculate the highest common divisor of 162 and x.
2
Let p = -234432 + 234965. Suppose 22 = 2*m - w, -3*m + 2*w - 8 = -39. Calculate the greatest common divisor of p and m.
13
Let y = 3642 - 3552. What is the highest common divisor of 10 and y?
10
Let y = 716 - 495. Suppose 0 = 130*o - 117*o - y. Calculate the highest common divisor of o and 34.
17
Let i(a) = -116*a - 668. Let k be i(-7). Let b(s) = 12*s - 4. Let j be b(3). What is the greatest common factor of j and k?
16
Let n(d) = 18*d**2 + 48*d - 268. Let o be n(7). Calculate the highest common divisor of o and 8930.
190
Let h = 417 - 362. Suppose -8*r + 258 = -4*r - 3*s, r + 4*s = h. What is the highest common divisor of 819 and r?
63
Let j(y) = -2*y**3 - 6*y**2 - 13*y - 4. Let q be j(-4). Let z be (-8)/(q/(-45)) + 1/2. Calculate the highest common divisor of 5 and z.
5
Let g(v) = 217 - 54*v + 169*v - 57*v - 59*v. Let z be g(0). What is the greatest common factor of 31 and z?
31
Let o be (-24)/9*9/(-6). Suppose -5*r - 16 = u - 6, 2*r + 22 = -o*u. Let g be 1484/126 + (r - (-22)/18). What is the greatest common factor of g and 12?
12
Let u be (-12 - -24)/3 - (-1 - 0). Suppose w - k + 5*k = 170, u*w - 766 = k. What is the highest common divisor of 110 and w?
22
Suppose 2*w = -4028 + 5502. What is the greatest common factor of w and 517?
11
Let i be ((-138)/4)/((-2)/12). Suppose -3*v + 4*z = 29, -3821*v + 38 = -3823*v + 4*z. What is the highest common divisor of i and v?
9
Let o be 656/36 + (-8)/36. Suppose 0 = -o*t + 19*t - 125. Let h = -113 + t. Calculate the greatest common factor of 4 and h.
4
Suppose -4*v - 5*s = 5, -4*s = -0*v - 4*v + 4. Suppose 4*d - 3*w - 108 = 39, -4*w + 12 = v. What is the greatest common factor of d and 39?
39
Suppose -4871 - 4236 = -23*l + 5153. What is the highest common divisor of 32 and l?
4
Let x = 32 + 46. Suppose -y - 5*j = 4*y - 110, 3*y - 58 = -j. Suppose -d + y = -x. What is the highest common divisor of 24 and d?
24
Suppose -608 - 1316 = -74*i. Let l be 22 + (-7)/((-28)/16). What is the greatest common factor of l and i?
26
Let g(b) = 1 - b**2 + 15*b**3 + 7*b**3 - b**2 + 3*b**3 + 12*b**3. Let n be g(1). Calculate the greatest common divisor of 78 and n.
6
Let s = -6259 + 6310. What is the greatest common factor of 1275 and s?
51
Suppose -17*f - 427 = -2*m - 16*f, 857 = 4*m - f. Calculate the greatest common divisor of 13545 and m.
215
Let g = -3902 - -3921. Calculate the highest common divisor of g and 7391.
19
Let y be -32 + 22 + 2 + 144. What is the highest common factor of 32 and y?
8
Let x be ((-66)/(-10))/(-34*(-34)/312120). Calculate the greatest common divisor of 18 and x.
18
Suppose -k = -2*c - 130 - 292, 4*c + 1264 = 3*k. Calculate the highest common factor of k and 756.
84
Suppose -527*i + 14664 = 84*i. Calculate the highest common divisor of i and 3.
3
Suppose 5*u - 101 + 11 = 0. Suppose -3 = -10*i + 9*i, -4*i = -r - 526. Let w = r - -532. Calculate the highest common divisor of w and u.
18
Suppose 0 = -5*w + 3*w + 292. Let x be w/(-10) - (2 - 32/20). Let s be (x - 4)/(1/(-10)) - 3. What is the highest common factor of s and 17?
17
Suppose 0 = -2*a - 3*o - 30, 5*a - o + 2*o + 62 = 0. Suppose -2*y + 1 - 5 = 0. Let w = y - a. Calculate the highest common divisor of 2 and w.
2
Let z(w) = -w**3 - 79*w**2 - 1211*w - 57. Let x be z(-73). What is the highest common divisor of 68 and x?
68
Suppose 8*g - 13*g - 4*v + 59 = 0, -v - 65 = -6*g. Calculate the highest common factor of 2321 and g.
11
Let g = 6155 - 6123. Calculate the highest common divisor of 256 and g.
32
Let k be 15 - (0/(-1))/(-2). Let z = -90 + 89. Let q be (-30)/(-50)*(z + 26). What is the highest common factor of k and q?
15
Suppose -140 = -24*m - 4*m. Suppose 3*c - 228 = -4*n - 2*c, m*c = n - 57. What is the highest common factor of n and 76?
19
Let g = -4473 + 4787. What is the greatest common factor of 4867 and g?
157
Suppose 73*s - 71*s + 2*a = 14, -2*s - 3*a + 18 = 0. Suppose -4*k - s*o = -364, -10*o = -5*o. Calculate the greatest common factor of 26 and k.
13
Let w be (-9)/(-21) + (-180)/(-21) + -1. Let x = w - 5. Let t be (4 + -1)*(7 + (0 - x)). Calculate the greatest common divisor of 108 and t.
12
Let o(h) = 13*h + 509. Let n be o(-39). Let b(z) = -z**2 + 17*z - 29. Let j be b(15). What is the highest common divisor of j and n?
1
Let k be (-1 - (-29)/5)*(48/(-18) + 6). What is the highest common divisor of 904 and k?
8
Suppose 0 = -117*x + 112*x + 1785. Suppose -5*t + 3*j + 97 = 0, -t + 2*j = 4*t - 93. Calculate the greatest common divisor of x and t.
17
Let c(n) = -n**3 + 56*n**2 - 109*n + 59. Let y be c(54). Suppose -12 - 118 = -y*k - o, 0 = 5*o + 25. Calculate the highest common factor of 3 and k.
3
Let i(j) = 12*j**2 - 2*j - 1. Let k be i(-1). Suppose 41*w - 1091 + 271 = 0. Let s be k + w/((-16)/(-4)). What is the greatest common divisor of s and 24?
6
Let v = 11769 + -9921. Calculate the highest common factor of v and 539.
77
Let f be (-2)/(-4) - 1400/16. Let v = 168 + -73. Let x = v + f. Calculate the greatest common factor of 20 and x.
4
Let x = 35142 - 35001. Calculate the highest common factor of x and 3.
3
Let h(i) = -i**3 - 3. Suppose 10 = 4*a - 9*a. Let o be h(a). Let b = 4 - -51. What is the highest common factor of b and o?
5
Let m be (-192)/32 - (18 + -23739). What is the greatest common factor of m and 510?
255
Suppose -2*r = t - 1943, 1579 = r + 5*t + 621. What is the highest common factor of 28 and r?
7
Let c(n) = 2*n - 24. Let i be c(11). Let j(u) = 15*u**2 - 2*u - 3. Let f be j(i). Suppose -144 = 53*d - f*d. Calculate the greatest common factor of 27 and d.
9
Let v(a) = 8*a**3 - a**2. Let j be v(1). Let x be 5*j/((-35)/18). Let u = 30 + x. Calculate the greatest common factor of 30 and u.
6
Let w = -649 + 656. What is the greatest common divisor